8967 is divided by 1825.
1667
Calculate the remainder when 3153222 is divided by 5.
2
Calculate the remainder when 46017 is divided by 42912.
3105
Calculate the remainder when 7595333 is divided by 2531733.
134
Calculate the remainder when 682412 is divided by 657.
446
Calculate the remainder when 792531 is divided by 12382.
83
Calculate the remainder when 17535775 is divided by 21.
19
What is the remainder when 292447 is divided by 73109?
11
What is the remainder when 25917906 is divided by 12958951?
4
Calculate the remainder when 12605837 is divided by 62.
59
Calculate the remainder when 359691869 is divided by 4468.
4465
Calculate the remainder when 1298334 is divided by 119.
44
Calculate the remainder when 65521359 is divided by 246.
243
What is the remainder when 5352899 is divided by 7954?
7811
Calculate the remainder when 13579 is divided by 4423.
310
Calculate the remainder when 270111 is divided by 5544.
3999
What is the remainder when 165121666 is divided by 39?
34
What is the remainder when 20072136 is divided by 4173?
6
Calculate the remainder when 60620366 is divided by 2318.
30
What is the remainder when 1394922 is divided by 55?
12
What is the remainder when 5303547 is divided by 53?
49
Calculate the remainder when 46070526 is divided by 85474.
40
Calculate the remainder when 108536 is divided by 512.
504
Calculate the remainder when 75922054 is divided by 29.
25
Calculate the remainder when 268067 is divided by 495.
272
Calculate the remainder when 2013518 is divided by 154886.
0
Calculate the remainder when 14223 is divided by 12816.
1407
Calculate the remainder when 125733139 is divided by 2759.
2750
What is the remainder when 222815 is divided by 13092?
251
What is the remainder when 655365 is divided by 168?
165
Calculate the remainder when 185604 is divided by 1290.
1134
What is the remainder when 1575923 is divided by 1216?
1203
Calculate the remainder when 189997 is divided by 27012.
913
What is the remainder when 41061217 is divided by 155?
12
What is the remainder when 3825566 is divided by 1912671?
224
What is the remainder when 42571835 is divided by 10642957?
7
Calculate the remainder when 2357925 is divided by 4100.
425
What is the remainder when 505899 is divided by 53?
14
What is the remainder when 63036 is divided by 59701?
3335
What is the remainder when 143004 is divided by 311?
255
Calculate the remainder when 4953851 is divided by 5681.
19
Calculate the remainder when 555358 is divided by 239.
161
Calculate the remainder when 17489724 is divided by 1732.
1720
What is the remainder when 17748537 is divided by 15?
12
Calculate the remainder when 36633791 is divided by 15.
11
Calculate the remainder when 8044538 is divided by 2802.
2798
What is the remainder when 187907 is divided by 6476?
103
What is the remainder when 46052477 is divided by 353?
97
What is the remainder when 3012212 is divided by 17?
16
Calculate the remainder when 857252 is divided by 2.
0
What is the remainder when 615595 is divided by 916?
43
What is the remainder when 530279 is divided by 569?
540
Calculate the remainder when 49422 is divided by 24602.
218
What is the remainder when 81061 is divided by 47?
33
What is the remainder when 77715923 is divided by 443?
433
What is the remainder when 6920580 is divided by 341?
326
Calculate the remainder when 803315 is divided by 401619.
77
What is the remainder when 18336831 is divided by 64?
63
What is the remainder when 65957847 is divided by 207?
195
What is the remainder when 15647993 is divided by 3911987?
45
Calculate the remainder when 41012636 is divided by 22.
16
Calculate the remainder when 1748287 is divided by 58.
51
Calculate the remainder when 1118694 is divided by 2861.
43
What is the remainder when 7524571 is divided by 4970?
4961
What is the remainder when 267549 is divided by 1194?
93
What is the remainder when 19701121 is divided by 205?
6
What is the remainder when 953039 is divided by 190601?
34
Calculate the remainder when 1936013 is divided by 193597.
43
Calculate the remainder when 1470928 is divided by 28287.
4
Calculate the remainder when 10780475 is divided by 2360.
2355
Calculate the remainder when 662734863 is divided by 176.
175
What is the remainder when 1539998 is divided by 218?
46
What is the remainder when 1343970 is divided by 335946?
186
Calculate the remainder when 47174 is divided by 6731.
57
What is the remainder when 117706 is divided by 2000?
1706
What is the remainder when 6077126 is divided by 1215418?
36
What is the remainder when 190108889 is divided by 274?
17
What is the remainder when 12237701 is divided by 2219?
2135
What is the remainder when 7712907 is divided by 265962?
9
Calculate the remainder when 663107 is divided by 110508.
59
Calculate the remainder when 38828 is divided by 6276.
1172
What is the remainder when 124492 is divided by 57980?
8532
Calculate the remainder when 13220136 is divided by 13220126.
10
Calculate the remainder when 627081 is divided by 512.
393
What is the remainder when 75840 is divided by 326?
208
Calculate the remainder when 319950 is divided by 106648.
6
Calculate the remainder when 3071399 is divided by 476.
247
What is the remainder when 683895 is divided by 170939?
139
What is the remainder when 31539 is divided by 255?
174
Calculate the remainder when 126744 is divided by 1142.
1124
Calculate the remainder when 111700 is divided by 111458.
242
Calculate the remainder when 154847 is divided by 25799.
53
What is the remainder when 40333519 is divided by 395426?
67
What is the remainder when 10161411 is divided by 113?
112
What is the remainder when 1068613 is divided by 20550?
13
What is the remainder when 6637326 is divided by 50?
26
Calculate the remainder when 11269522 is divided by 7299.
7165
Calculate the remainder when 35958 is divided by 15275.
5408
What is the remainder when 284065 is divided by 7101?
25
What is the remainder when 8987 is divided by 427?
20
What is the remainder when 14831023 is divided by 1853862?
127
Calculate the remainder when 126289495 is divided by 25.
20
What is the remainder when 8913353 is divided by 107?
39
Calculate the remainder when 9096645 is divided by 1193.
20
What is the remainder when 72537155 is divided by 20?
15
Calculate the remainder when 497086 is divided by 82757.
544
What is the remainder when 18603 is divided by 2043?
216
What is the remainder when 2078625 is divided by 5790?
15
Calculate the remainder when 1247885 is divided by 1238.
1219
Calculate the remainder when 115249631 is divided by 8394.
11
What is the remainder when 1994396 is divided by 9363?
77
What is the remainder when 26807374 is divided by 41756?
22
What is the remainder when 114744 is divided by 3471?
201
Calculate the remainder when 52672 is divided by 7521.
25
What is the remainder when 2564923 is divided by 641228?
11
What is the remainder when 228779 is divided by 491?
464
What is the remainder when 58578 is divided by 58361?
217
What is the remainder when 61702640 is divided by 197133?
11
Calculate the remainder when 1321735 is divided by 10751.
10113
What is the remainder when 1035640 is divided by 133?
102
Calculate the remainder when 286593 is divided by 286588.
5
Calculate the remainder when 54890 is divided by 23.
12
Calculate the remainder when 115349180 is divided by 40.
20
Calculate the remainder when 23126605 is divided by 4416.
13
What is the remainder when 2865327 is divided by 573054?
57
What is the remainder when 359884 is divided by 2448?
28
What is the remainder when 1083 is divided by 1071?
12
Calculate the remainder when 238034 is divided by 26367.
731
Calculate the remainder when 48189361 is divided by 110526.
25
What is the remainder when 4072579 is divided by 289?
280
Calculate the remainder when 637831 is divided by 388.
347
What is the remainder when 34386698 is divided by 966?
962
Calculate the remainder when 21145 is divided by 6801.
742
Calculate the remainder when 1807296 is divided by 90364.
16
Calculate the remainder when 632124 is divided by 11.
9
What is the remainder when 2013207 is divided by 671053?
48
Calculate the remainder when 170842944 is divided by 221.
220
Calculate the remainder when 53212 is divided by 2491.
901
Calculate the remainder when 